r?
False
Is 399904081 prime?
True
Is 48035932733 a composite number?
False
Is 39627947 a prime number?
False
Is 13288822031 composite?
False
Is 603212251 composite?
True
Is 58793551 a prime number?
True
Is 57842428009 a composite number?
True
Is 2090405257 a prime number?
False
Is 33794230783 prime?
True
Is 6703405073 composite?
True
Is 17549247433 composite?
True
Is 8446712003 prime?
True
Is 9115970827 a prime number?
True
Is 17904698899 prime?
True
Is 417088937 composite?
False
Is 500802707 a composite number?
False
Is 15442256461 composite?
True
Is 2688594329 prime?
False
Is 678614281 a composite number?
True
Is 23850774089 a composite number?
False
Is 3767150833 prime?
False
Is 361256927 a composite number?
True
Is 400385371 a prime number?
False
Is 667063279 composite?
True
Is 39077610197 prime?
True
Is 40530633194 a prime number?
False
Is 4559855857 a composite number?
False
Is 1702755469 a composite number?
False
Is 45125802109 prime?
True
Is 31961308187 a prime number?
True
Is 1014616087 a composite number?
True
Is 2653656659 composite?
False
Is 5345981177 a composite number?
True
Is 825485917 composite?
True
Is 739917335 a prime number?
False
Is 13085410441 a prime number?
False
Is 153201007 composite?
False
Is 4921762073 prime?
True
Is 9258164609 prime?
True
Is 60262801 a composite number?
True
Is 1352631347 composite?
False
Is 780685313 prime?
False
Is 479076607 composite?
True
Is 319749299 composite?
False
Is 184462987 composite?
True
Is 1001421587 prime?
False
Is 9810983257 composite?
True
Is 89780159687 composite?
False
Is 5593410761 a prime number?
True
Is 609771343 composite?
False
Is 148822212403 composite?
True
Is 57953466251 composite?
False
Is 1874086609 a composite number?
False
Is 553577653 a composite number?
True
Is 6944869447 a prime number?
True
Is 1221434213 composite?
False
Is 40704504983 a composite number?
False
Is 198288379 a prime number?
False
Is 9912639623 a composite number?
True
Is 469875037 prime?
True
Is 9651692345 prime?
False
Is 188854739 a prime number?
True
Is 35028015227 a composite number?
False
Is 1607491334 a prime number?
False
Is 549916129 composite?
True
Is 1217652299 a composite number?
True
Is 1968312949 a composite number?
False
Is 481389089783 a prime number?
False
Is 6719851819 a composite number?
False
Is 699487969 composite?
False
Is 294580145 composite?
True
Is 1390541 prime?
True
Is 64547591809 composite?
False
Is 23499584363 a prime number?
False
Is 55244719 a prime number?
True
Is 1107663773 a composite number?
True
Is 7555427401 a composite number?
False
Is 316322303 composite?
True
Is 1952734577 a composite number?
False
Is 109338558557 prime?
True
Is 5708328959 a composite number?
False
Is 107424997 a composite number?
True
Is 3358992469 prime?
False
Is 6728992637 prime?
True
Is 16427279747 a prime number?
True
Is 30038021043 prime?
False
Is 12969344645 prime?
False
Is 43118124481 a composite number?
False
Is 28568577067 a composite number?
False
Is 1312426217 a composite number?
True
Is 58123001477 a composite number?
False
Is 117812804431 composite?
True
Is 239539667 a prime number?
True
Is 169215135655 a prime number?
False
Is 218118149809 a composite number?
True
Is 34690512359 composite?
True
Is 596195477 composite?
False
Is 3374261339 a composite number?
True
Is 2518320581 a prime number?
False
Is 20559709831 prime?
True
Is 22453914127 prime?
False
Is 116540806103 prime?
False
Is 7890493553 prime?
True
Is 112199383 composite?
True
Is 194286289 a composite number?
True
Is 23605438781 composite?
False
Is 40253533813 a prime number?
False
Is 26317861 prime?
True
Is 191628557 composite?
True
Is 1180515179 composite?
True
Is 1548371171 prime?
True
Is 4519303819 a prime number?
False
Is 2347233299 a prime number?
False
Is 639549013 prime?
False
Is 1751708281 composite?
False
Is 798515533 composite?
False
Is 434575067 prime?
True
Is 2178873721 prime?
False
Is 4568652973 composite?
True
Is 494407722221 a composite number?
True
Is 1005332917 prime?
False
Is 581555251 a prime number?
False
Is 2521502453 a prime number?
False
Is 26257270903 a composite number?
False
Is 2548878337 prime?
True
Is 36603239 prime?
False
Is 653988383 a prime number?
True
Is 4092857357 a prime number?
True
Is 82780627403 prime?
True
Is 377782499 a composite number?
False
Is 10185584498 composite?
True
Is 308828863883 a composite number?
False
Is 6046745239 prime?
False
Is 1758485459 a prime number?
True
Is 31824575693 prime?
True
Is 120199723751 a composite number?
False
Is 5932087649 composite?
True
Is 1623274879 prime?
False
Is 234915181099 a prime number?
True
Is 883537717 composite?
True
Is 12824964751 a composite number?
True
Is 1652725699 prime?
False
Is 22850693561 prime?
True
Is 4341783773 a prime number?
False
Is 286003573 composite?
False
Is 2044528361 a prime number?
True
Is 49232503 a composite number?
False
Is 753119551 a prime number?
False
Is 5545866637 composite?
True
Is 130460557 a prime number?
False
Is 66566561 a composite number?
False
Is 18530083711 composite?
False
Is 60082097851 a prime number?
False
Is 24584225311 composite?
False
Is 3671516627 a composite number?
False
Is 3287990129 a composite number?
True
Is 6210735689 prime?
True
Is 973251337 a composite number?
True
Is 111541537931 composite?
False
Is 3060277333 composite?
True
Is 4076853509 a prime number?
True
Is 3447654527 composite?
True
Is 9928187767 a composite number?
False
Is 30260067547 a prime number?
True
Is 373261039 a prime number?
False
Is 39908147291 a composite number?
True
Is 648431477 a composite number?
True
Is 145359229 composite?
False
Is 1607525551 prime?
False
Is 1741801403 prime?
True
Is 4867417601 a prime number?
False
Is 2230145977 composite?
True
Is 37809172897 composite?
False
Is 1086572957 a composite number?
True
Is 668951277 a prime number?
False
Is 920064451 a prime number?
True
Is 19075902959 prime?
False
Is 38717963815 a prime number?
False
Is 47177327437 prime?
True
Is 74170162826 a composite number?
True
Is 1995753689 composite?
True
Is 1766677337 a composite number?
False
Is 1755156829 a composite number?
False
Is 2484202187 prime?
False
Is 3786747079 composite?
False
Is 1116851861 composite?
True
Is 17010428639 prime?
True
Is 10421832787 composite?
False
Is 67931113511 a composite number?
True
Is 18904786291 composite?
False
Is 105072337 a prime number?
False
Is 9440500627 composite?
True
Is 7237171561 a prime number?
True
Is 714943729 composite?
True
Is 57379100419 a prime number?
True
Is 205209401 prime?
True
Is 886120519 a composite number?
False
Is 101045037673 a prime number?
True
Is 8953442887 composite?
True
Is 5144985197 prime?
False
Is 257852339951 a prime number?
False
Is 111057347 a composite number?
True
Is 4727942371 composite?
True
Is 870142607 a prime number?
True
Is 11017473979 a composite number?
True
Is 79058159 composite?
True
Is 338966501 a prime number?
True
Is 28246051217 a composite number?
False
Is 396276623 a composite number?
True
Is 32800161851 composite?
False
Is 72762305771 a prime number?
True
Is 14945192687 a composite number?
False
Is 18805669781 a prime number?
False
Is 16401847307 a prime number?
True
Is 19697083933 a composite number?
True
Is 1804864871 a composite number?
True
Is 5301789803 prime?
True
Is 1011089357 a prime number?
True
Is 319517791 prime?
False
Is 2152665397 prime?
True
Is 3033983297 a prime number?
False
Is 508846651 composite?
False
Is 27258296831 composite?
True
Is 119369230687 a prime number?
False
Is 2874615949 prime?
True
Is 26172731771 composite?
False
Is 18271145491 prime?
False
Is 2108784599 prime?
False
Is 14233394453 a composite number?
False
Is 3028439527 a prime number?
True
Is 759946501 prime?
True
Is 3396832877 a composite number?
False
Is 2025462973 prime?
True
Is 52715408219 prime?
True
Is 5785163003 prime?
False
Is 1557697313 composite?
True
Is 3264315706 a prime number?
False
Is 267719501 composite?
True
Is 5158907051 a composite number?
False
Is 931388747 composite?
False
Is 107630663 prime?
False
Is 2525918251 a prime number?
True
Is 11933454211 a prime number?
False
Is 907439939 composite?
True
Is 269743351 a prime number?
False
Is 10540125991 a prime number?
True
Is 39636776833 a prime number?
True
Is 47026532281